{"id":274,"date":"2022-12-21T12:46:20","date_gmt":"2022-12-21T15:46:20","guid":{"rendered":"\/wordpress-doc\/?page_id=274"},"modified":"2023-04-17T18:14:40","modified_gmt":"2023-04-17T21:14:40","slug":"home","status":"publish","type":"page","link":"\/wordpress-doc\/","title":{"rendered":"Home"},"content":{"rendered":"\n<div class=\"inherit-container-width is-layout-constrained wp-container-6 wp-block-group alignfull\" style=\"padding-top:0;padding-right:0;padding-bottom:0;padding-left:0\">\n<div class=\"is-layout-flex wp-container-5 wp-block-columns alignfull\">\n<div class=\"is-layout-flow wp-block-column\" style=\"flex-basis:100%\">\n<div class=\"inherit-container-width is-layout-constrained wp-block-group alignfull advgb-dyn-918418b5\" style=\"padding-top:0;padding-right:0;padding-bottom:0;padding-left:0\">\n<div class=\"is-layout-flex wp-container-2 wp-block-columns alignfull has-ast-global-color-3-background-color has-background has-medium-font-size\" style=\"border-style:none;border-width:0px;padding-top:0;padding-right:0;padding-bottom:0;padding-left:0\">\n<div class=\"is-layout-flow wp-block-column is-vertically-aligned-center\">\n<div class=\"wp-block-cover alignfull\" style=\"padding-top:var(--wp--preset--spacing--80);padding-right:var(--wp--preset--spacing--80);padding-bottom:var(--wp--preset--spacing--80);padding-left:var(--wp--preset--spacing--80)\"><span aria-hidden=\"true\" class=\"wp-block-cover__background has-background-dim\"><\/span><img decoding=\"async\" loading=\"lazy\" width=\"1900\" height=\"696\" class=\"wp-block-cover__image-background wp-image-699\" alt=\"\" src=\"\/wordpress-doc\/wp-content\/uploads\/2023\/03\/cabecera_estudiantes.jpg\" data-object-fit=\"cover\" srcset=\"\/wordpress-doc\/wp-content\/uploads\/2023\/03\/cabecera_estudiantes.jpg 1900w, \/wordpress-doc\/wp-content\/uploads\/2023\/03\/cabecera_estudiantes-300x110.jpg 300w, \/wordpress-doc\/wp-content\/uploads\/2023\/03\/cabecera_estudiantes-1024x375.jpg 1024w, \/wordpress-doc\/wp-content\/uploads\/2023\/03\/cabecera_estudiantes-768x281.jpg 768w, \/wordpress-doc\/wp-content\/uploads\/2023\/03\/cabecera_estudiantes-1536x563.jpg 1536w\" sizes=\"(max-width: 1900px) 100vw, 1900px\" \/><div class=\"wp-block-cover__inner-container\">\n<h4 class=\"has-text-align-center has-large-font-size\" style=\"font-style:normal;font-weight:700\">&#8220;DOCTORADO EN CIENCIAS DE LA INGENIER\u00cdA CON MENCI\u00d3N EN INFORM\u00c1TICA&#8221;<\/h4>\n<\/div><\/div>\n<\/div>\n<\/div>\n<\/div>\n<\/div>\n<\/div>\n<\/div>\n\n\n\n<div class=\"is-layout-flex wp-container-11 wp-block-columns alignfull has-background\" style=\"background-color:#ece2e2\">\n<div class=\"is-layout-flow wp-block-column\">\n<div class=\"is-layout-flex wp-container-8 wp-block-columns\">\n<div class=\"is-layout-flow wp-block-column\">\n<h2 class=\"has-text-align-center has-medium-font-size\" style=\"font-style:normal;font-weight:500\">Entrega el grado acad\u00e9mico de Doctor en Ciencias de la Ingenier\u00eda con menci\u00f3n en Inform\u00e1tica. Un doctor formado por este programa puede desempe\u00f1arse en empresa del Estado o privadas, en centros de desarrollo tecnol\u00f3gico o universidades.                                                                                                                        <\/h2>\n<\/div>\n<\/div>\n\n\n\n<div class=\"is-content-justification-center is-layout-flex wp-container-9 wp-block-buttons\">\n<div class=\"wp-block-button has-custom-width wp-block-button__width-25 has-custom-font-size has-medium-font-size popmake-177\"><a class=\"wp-block-button__link has-white-color has-text-color has-background wp-element-button\" style=\"background-color:#ea7800\">Objetivos<\/a><\/div>\n<\/div>\n<\/div>\n<\/div>\n\n\n\n<div class=\"inherit-container-width is-layout-constrained wp-block-group alignfull advgb-dyn-af0790b1\">\n<div class=\"is-layout-flex wp-container-13 wp-block-columns alignfull\">\n<div class=\"is-layout-flow wp-block-column\">\n<h2 class=\"has-text-align-center has-large-font-size\" style=\"font-style:normal;font-weight:700\"><mark style=\"background-color:rgba(0, 0, 0, 0)\" class=\"has-inline-color has-ast-global-color-3-color\">L\u00edneas de investigaci\u00f3n <\/mark><\/h2>\n<\/div>\n<\/div>\n\n\n\n<div class=\"is-layout-flex wp-container-17 wp-block-columns alignfull\">\n<div class=\"is-layout-flow wp-block-column is-vertically-aligned-top\">\n<figure class=\"wp-block-image aligncenter size-full\"><a href=\"biologia-y-medicina\"><img decoding=\"async\" loading=\"lazy\" width=\"664\" height=\"322\" src=\"\/wordpress-doc\/wp-content\/uploads\/2023\/01\/biologia.jpg\" alt=\"\" class=\"wp-image-606\" srcset=\"\/wordpress-doc\/wp-content\/uploads\/2023\/01\/biologia.jpg 664w, \/wordpress-doc\/wp-content\/uploads\/2023\/01\/biologia-300x145.jpg 300w\" sizes=\"(max-width: 664px) 100vw, 664px\" \/><\/a><\/figure>\n\n\n\n<h2 class=\"has-text-align-center has-medium-font-size\" style=\"font-style:normal;font-weight:600\"><mark style=\"background-color:rgba(0, 0, 0, 0);color:#ea7600\" class=\"has-inline-color\">Biolog\u00eda y medicina<\/mark><\/h2>\n<\/div>\n\n\n\n<div class=\"is-layout-flow wp-block-column is-vertically-aligned-top\">\n<figure class=\"wp-block-image aligncenter size-full\"><img decoding=\"async\" loading=\"lazy\" width=\"664\" height=\"322\" src=\"\/wordpress-doc\/wp-content\/uploads\/2023\/01\/sistemasWeb.jpg\" alt=\"\" class=\"wp-image-607\" srcset=\"\/wordpress-doc\/wp-content\/uploads\/2023\/01\/sistemasWeb.jpg 664w, \/wordpress-doc\/wp-content\/uploads\/2023\/01\/sistemasWeb-300x145.jpg 300w\" sizes=\"(max-width: 664px) 100vw, 664px\" \/><\/figure>\n\n\n\n<h2 class=\"has-text-align-center has-medium-font-size\" style=\"font-style:normal;font-weight:500\"><strong><mark style=\"background-color:rgba(0, 0, 0, 0);color:#ea7600\" class=\"has-inline-color\">Sistemas basados en la web<\/mark> <\/strong><\/h2>\n<\/div>\n\n\n\n<div class=\"is-layout-flow wp-block-column\">\n<figure class=\"wp-block-image aligncenter size-full\"><img decoding=\"async\" loading=\"lazy\" width=\"664\" height=\"322\" src=\"\/wordpress-doc\/wp-content\/uploads\/2023\/01\/SistComplejos.jpg\" alt=\"\" class=\"wp-image-608\" srcset=\"\/wordpress-doc\/wp-content\/uploads\/2023\/01\/SistComplejos.jpg 664w, \/wordpress-doc\/wp-content\/uploads\/2023\/01\/SistComplejos-300x145.jpg 300w\" sizes=\"(max-width: 664px) 100vw, 664px\" \/><\/figure>\n\n\n\n<h2 class=\"has-text-align-center has-medium-font-size\" style=\"font-style:normal;font-weight:500\"><mark style=\"background-color:rgba(0, 0, 0, 0);color:#ea7600\" class=\"has-inline-color\"><strong>Sistemas complejos<\/strong><\/mark><\/h2>\n<\/div>\n<\/div>\n<\/div>\n\n\n\n<hr class=\"wp-block-separator has-text-color has-ast-global-color-0-color has-alpha-channel-opacity has-ast-global-color-0-background-color has-background is-style-wide\"\/>\n\n\n\n<div class=\"is-layout-flex wp-container-23 wp-block-columns alignfull\">\n<div class=\"is-layout-flow wp-block-column is-vertically-aligned-top\">\n<figure class=\"wp-block-image size-full popmake-849\"><img decoding=\"async\" loading=\"lazy\" width=\"664\" height=\"322\" src=\"\/wordpress-doc\/wp-content\/uploads\/2023\/01\/plandeest.jpg\" alt=\"\" class=\"wp-image-613\" srcset=\"\/wordpress-doc\/wp-content\/uploads\/2023\/01\/plandeest.jpg 664w, \/wordpress-doc\/wp-content\/uploads\/2023\/01\/plandeest-300x145.jpg 300w\" sizes=\"(max-width: 664px) 100vw, 664px\" \/><\/figure>\n\n\n\n<h2 class=\"has-text-align-center has-medium-font-size popmake-849\" style=\"font-style:normal;font-weight:500\"><mark style=\"background-color:rgba(0, 0, 0, 0);color:#ea7600\" class=\"has-inline-color\"><strong>Plan de estudios<\/strong><\/mark><\/h2>\n<\/div>\n\n\n\n<div class=\"is-layout-flow wp-block-column is-vertically-aligned-top\">\n<figure class=\"wp-block-image aligncenter size-full popmake-766\"><img decoding=\"async\" loading=\"lazy\" width=\"664\" height=\"322\" src=\"\/wordpress-doc\/wp-content\/uploads\/2023\/01\/aranceles.jpg\" alt=\"\" class=\"wp-image-612\" srcset=\"\/wordpress-doc\/wp-content\/uploads\/2023\/01\/aranceles.jpg 664w, \/wordpress-doc\/wp-content\/uploads\/2023\/01\/aranceles-300x145.jpg 300w\" sizes=\"(max-width: 664px) 100vw, 664px\" \/><\/figure>\n\n\n\n<div class=\"inherit-container-width is-layout-constrained wp-block-group advgb-dyn-f2a6aa86\">\n<h2 class=\"has-text-align-center has-medium-font-size popmake-766\" style=\"font-style:normal;font-weight:500\"><mark style=\"background-color:rgba(0, 0, 0, 0);color:#ea7600\" class=\"has-inline-color\"><strong>Aranceles<\/strong><\/mark><\/h2>\n<\/div>\n<\/div>\n\n\n\n<div class=\"is-layout-flow wp-block-column\">\n<figure class=\"wp-block-image size-full popmake-827\"><img decoding=\"async\" loading=\"lazy\" width=\"664\" height=\"322\" src=\"\/wordpress-doc\/wp-content\/uploads\/2023\/01\/acreditacion.jpg\" alt=\"\" class=\"wp-image-610\" srcset=\"\/wordpress-doc\/wp-content\/uploads\/2023\/01\/acreditacion.jpg 664w, \/wordpress-doc\/wp-content\/uploads\/2023\/01\/acreditacion-300x145.jpg 300w\" sizes=\"(max-width: 664px) 100vw, 664px\" \/><\/figure>\n\n\n\n<h2 class=\"has-text-align-center has-medium-font-size popmake-827\" style=\"font-style:normal;font-weight:500\"><mark style=\"background-color:rgba(0, 0, 0, 0);color:#ea7600\" class=\"has-inline-color\"><strong>Acreditaci\u00f3n<\/strong><\/mark><\/h2>\n<\/div>\n<\/div>\n\n\n\n<div class=\"is-layout-flex wp-container-27 wp-block-columns alignfull has-background\" style=\"background-color:#eeecec\">\n<div class=\"is-layout-flow wp-block-column\">\n<figure class=\"wp-block-image aligncenter size-full popmake-832\"><img decoding=\"async\" loading=\"lazy\" width=\"204\" height=\"183\" src=\"\/wordpress-doc\/wp-content\/uploads\/2023\/04\/Opera-Instantanea_2022-12-22_001337_drive.google.com_-removebg-preview.png\" alt=\"\" class=\"wp-image-956\"\/><\/figure>\n\n\n\n<h2 class=\"has-text-align-center has-medium-font-size popmake-832\" style=\"font-style:normal;font-weight:500\"><mark style=\"background-color:rgba(0, 0, 0, 0);color:#ea7600\" class=\"has-inline-color\"><strong>Admisi\u00f3n<\/strong><\/mark><\/h2>\n<\/div>\n\n\n\n<div class=\"is-layout-flow wp-block-column\">\n<figure class=\"wp-block-image aligncenter size-full popmake-835\"><img decoding=\"async\" loading=\"lazy\" width=\"233\" height=\"181\" src=\"\/wordpress-doc\/wp-content\/uploads\/2023\/04\/Opera-Instantanea_2022-12-22_001404_drive.google.com_-removebg-preview.png\" alt=\"\" class=\"wp-image-958\"\/><\/figure>\n\n\n\n<h2 class=\"has-text-align-center has-medium-font-size popmake-835\" style=\"font-style:normal;font-weight:500\"><mark style=\"background-color:rgba(0, 0, 0, 0);color:#ea7600\" class=\"has-inline-color\"><strong>Estudiantes<\/strong><\/mark><\/h2>\n<\/div>\n\n\n\n<div class=\"is-layout-flow wp-block-column popmake-848\">\n<figure class=\"wp-block-image aligncenter size-full\"><img decoding=\"async\" loading=\"lazy\" width=\"196\" height=\"177\" src=\"\/wordpress-doc\/wp-content\/uploads\/2023\/04\/imagen_2022-12-22_001534559-removebg-preview.png\" alt=\"\" class=\"wp-image-959\"\/><\/figure>\n\n\n\n<h2 class=\"has-text-align-center has-medium-font-size popmake-848\" style=\"font-style:normal;font-weight:500\"><mark style=\"background-color:rgba(0, 0, 0, 0);color:#ea7600\" class=\"has-inline-color\"><strong>Graduados<\/strong><\/mark><\/h2>\n<\/div>\n<\/div>\n\n\n\n<div class=\"is-layout-flex wp-container-31 wp-block-columns alignfull\">\n<div class=\"is-layout-flow wp-block-column\">\n<h2 class=\"has-text-align-center has-large-font-size\" style=\"font-style:normal;font-weight:700\">Cuerpo acad\u00e9mico<\/h2>\n\n\n\n<div class=\"is-layout-flex wp-container-29 wp-block-columns\">\n<div class=\"is-layout-flow wp-block-column\" style=\"flex-basis:100%\"><div class=\"advgb-recent-posts-block masonry-view columns-2 tbl-columns-2 mbl-columns-1 gap-20 recent-posts-eb103349-9cc7-4a43-9435-91b09f35ef86\"><div class=\"advgb-recent-posts\"><article class=\"advgb-recent-post advgb-recent-post--no-image\"><div class=\"advgb-post-wrapper\"><h2 class=\"advgb-post-title\"><a href=\"\/wordpress-doc\/cuerpo-academico\/\">Cuerpo acad\u00e9mico<\/a><\/h2><div class=\"advgb-post-tax-info\"><div class=\"advgb-post-tax advgb-post-category\"><div><span class=\"advgb-post-tax-term\">Acad\u00e9mico<\/span><\/div><\/div><\/div><div class=\"advgb-post-content\"><div class=\"advgb-post-excerpt\">Nombre y apellido: Datos:<\/div><\/div><\/div><\/article><\/div><\/div><\/div>\n<\/div>\n<\/div>\n<\/div>\n\n\n\n<div class=\"is-layout-flex wp-container-40 wp-block-columns alignfull has-background\" style=\"background-color:#343c44\">\n<div class=\"is-layout-flow wp-block-column\">\n<div class=\"is-layout-flex wp-container-38 wp-block-columns\">\n<div class=\"is-layout-flow wp-block-column\" style=\"flex-basis:25%\">\n<figure class=\"is-layout-flex wp-block-gallery-32 wp-block-gallery has-nested-images columns-default is-cropped\">\n<figure class=\"wp-block-image size-large\"><img decoding=\"async\" loading=\"lazy\" width=\"225\" height=\"156\" src=\"\/wordpress-doc\/wp-content\/uploads\/2023\/04\/imagen_2022-12-22_002335152-removebg-preview.png\" alt=\"\" class=\"wp-image-962\"\/><\/figure>\n<\/figure>\n<\/div>\n\n\n\n<div class=\"is-layout-flow wp-block-column\" style=\"flex-basis:50%\">\n<h2 class=\"has-text-align-center has-ast-global-color-5-color has-text-color\">Preguntas frecuentes<\/h2>\n<\/div>\n\n\n\n<div class=\"is-layout-flow wp-block-column\" style=\"flex-basis:25%\">\n<div class=\"is-content-justification-center is-layout-flex wp-container-36 wp-block-buttons\">\n<div class=\"wp-block-button aligncenter has-custom-width wp-block-button__width-75\"><a class=\"wp-block-button__link has-luminous-vivid-orange-background-color has-background wp-element-button\">Ver<\/a><\/div>\n<\/div>\n<\/div>\n<\/div>\n<\/div>\n<\/div>\n","protected":false},"excerpt":{"rendered":"<p>Entrega el grado acad\u00e9mico de Doctor en Ciencias de la Ingenier\u00eda con menci\u00f3n en Inform\u00e1tica. Un doctor formado por este programa puede desempe\u00f1arse en empresa del Estado o privadas, en centros de desarrollo tecnol\u00f3gico o universidades. L\u00edneas de investigaci\u00f3n Biolog\u00eda y medicina Sistemas basados en la web Sistemas complejos Plan de estudios Aranceles Acreditaci\u00f3n Admisi\u00f3n &hellip;<\/p>\n<p class=\"read-more\"> <a class=\"\" href=\"\/wordpress-doc\/\"> <span class=\"screen-reader-text\">Home<\/span> Read More &raquo;<\/a><\/p>\n","protected":false},"author":1,"featured_media":0,"parent":0,"menu_order":0,"comment_status":"closed","ping_status":"closed","template":"elementor_theme","meta":{"_uag_custom_page_level_css":"","advgb_blocks_editor_width":"","advgb_blocks_columns_visual_guide":"","site-sidebar-layout":"default","site-content-layout":"default","ast-global-header-display":"","ast-main-header-display":"","ast-hfb-above-header-display":"","ast-hfb-below-header-display":"","ast-hfb-mobile-header-display":"","site-post-title":"disabled","ast-breadcrumbs-content":"","ast-featured-img":"","footer-sml-layout":"","theme-transparent-header-meta":"","adv-header-id-meta":"","stick-header-meta":"","header-above-stick-meta":"","header-main-stick-meta":"","header-below-stick-meta":""},"uagb_featured_image_src":{"full":false,"thumbnail":false,"medium":false,"medium_large":false,"large":false,"1536x1536":false,"2048x2048":false},"uagb_author_info":{"display_name":"diinfdoc","author_link":"\/wordpress-doc\/author\/diinfdoc\/"},"uagb_comment_info":0,"uagb_excerpt":"Entrega el grado acad\u00e9mico de Doctor en Ciencias de la Ingenier\u00eda con menci\u00f3n en Inform\u00e1tica. Un doctor formado por este programa puede desempe\u00f1arse en empresa del Estado o privadas, en centros de desarrollo tecnol\u00f3gico o universidades. L\u00edneas de investigaci\u00f3n Biolog\u00eda y medicina Sistemas basados en la web Sistemas complejos Plan de estudios Aranceles Acreditaci\u00f3n Admisi\u00f3n&hellip;","coauthors":[],"author_meta":{"author_link":"\/wordpress-doc\/author\/diinfdoc\/","display_name":"diinfdoc"},"relative_dates":{"created":"Publicado 3 a\u00f1os hace","modified":"Actualizado 3 a\u00f1os hace"},"absolute_dates":{"created":"Publicado el Diciembre 21, 2022","modified":"Actualizado el Abril 17, 2023"},"absolute_dates_time":{"created":"Publicado el Diciembre 21, 2022 12:46 pm","modified":"Actualizado el Abril 17, 2023 6:14 pm"},"featured_img_caption":"","featured_img":false,"series_order":"","_links":{"self":[{"href":"\/wordpress-doc\/wp-json\/wp\/v2\/pages\/274"}],"collection":[{"href":"\/wordpress-doc\/wp-json\/wp\/v2\/pages"}],"about":[{"href":"\/wordpress-doc\/wp-json\/wp\/v2\/types\/page"}],"author":[{"embeddable":true,"href":"\/wordpress-doc\/wp-json\/wp\/v2\/users\/1"}],"replies":[{"embeddable":true,"href":"\/wordpress-doc\/wp-json\/wp\/v2\/comments?post=274"}],"version-history":[{"count":218,"href":"\/wordpress-doc\/wp-json\/wp\/v2\/pages\/274\/revisions"}],"predecessor-version":[{"id":964,"href":"\/wordpress-doc\/wp-json\/wp\/v2\/pages\/274\/revisions\/964"}],"wp:attachment":[{"href":"\/wordpress-doc\/wp-json\/wp\/v2\/media?parent=274"}],"curies":[{"name":"wp","href":"https:\/\/api.w.org\/{rel}","templated":true}]}}